Is 26 a factor of 2357783324?
True
Is 33 a factor of 15836777?
False
Does 1233 divide 337452306?
False
Is 1286467637 a multiple of 247?
True
Is 212471237 a multiple of 139?
False
Is 398 a factor of 669814712?
False
Is 68851301 a multiple of 472?
False
Is 38 a factor of 34664636?
False
Does 117 divide 255467160?
True
Does 2016 divide 53895744?
True
Does 17 divide 4633995954?
False
Is 5 a factor of 14625135?
True
Is 38775175 a multiple of 395?
True
Does 826 divide 1356695088?
True
Does 4264 divide 797939376?
True
Does 604 divide 131609799?
False
Is 2941 a factor of 3988068764?
False
Is 107 a factor of 11505608?
False
Is 167 a factor of 805400590?
False
Is 166552845 a multiple of 15?
True
Is 2596672217 a multiple of 5092?
False
Does 4 divide 802454?
False
Is 1019 a factor of 124032680?
True
Is 71699968 a multiple of 32?
True
Is 4041 a factor of 487498158?
True
Does 1081 divide 174508337?
False
Is 1352025272 a multiple of 13?
True
Does 306 divide 15731766?
True
Is 966543060 a multiple of 140?
True
Is 25 a factor of 56172350?
True
Does 49 divide 76385963?
False
Does 6 divide 223588?
False
Is 382 a factor of 1219590390?
True
Is 27236535 a multiple of 699?
True
Does 142 divide 761994294?
True
Is 2372 a factor of 198676348?
True
Is 127198959 a multiple of 29?
True
Is 53256847 a multiple of 203?
True
Does 32 divide 23635148?
False
Does 68 divide 86945004?
True
Is 1397 a factor of 2470101359?
True
Is 927 a factor of 8057049?
False
Is 250506427 a multiple of 528?
False
Is 341809574 a multiple of 107?
True
Is 101 a factor of 125582588?
False
Is 45063414 a multiple of 33?
True
Is 57864952 a multiple of 536?
True
Is 59936813 a multiple of 2086?
False
Does 13 divide 88707189?
False
Is 22604969 a multiple of 1288?
False
Is 5190049546 a multiple of 3858?
False
Is 375858432 a multiple of 1332?
True
Is 95402448 a multiple of 1252?
False
Does 5 divide 82252618?
False
Does 10 divide 567460278?
False
Is 8 a factor of 76195621?
False
Is 70 a factor of 536158108?
False
Does 31 divide 30581004?
True
Is 60502907 a multiple of 59?
True
Does 443 divide 382257169?
True
Is 59 a factor of 540553280?
True
Is 3081 a factor of 1605773892?
False
Is 251416097 a multiple of 2861?
True
Does 9 divide 612370819?
False
Is 3149 a factor of 1689907607?
False
Is 273 a factor of 80819193?
True
Is 421 a factor of 15061428?
False
Does 1174 divide 161849251?
False
Is 8504444 a multiple of 26?
True
Does 128 divide 1929228800?
True
Does 1365 divide 36046920?
True
Does 281 divide 39701366?
True
Is 1875 a factor of 1830298125?
True
Is 36441174 a multiple of 462?
True
Is 13032 a factor of 4974209240?
False
Is 8345634 a multiple of 409?
False
Is 375099206 a multiple of 1775?
False
Does 406 divide 945820036?
True
Does 7 divide 791573864?
False
Does 1826 divide 71472200?
False
Is 124 a factor of 248133088?
False
Does 322 divide 100252842?
False
Does 17 divide 29131744?
True
Is 15 a factor of 108931995?
True
Is 14 a factor of 7511819?
False
Is 247 a factor of 1305300965?
False
Does 180 divide 75733512?
False
Is 19 a factor of 44868942?
False
Does 773 divide 58615044?
True
Is 46 a factor of 18990601?
False
Is 199 a factor of 52712712?
True
Does 150 divide 203010900?
True
Does 1097 divide 4786325490?
False
Is 142783971 a multiple of 2043?
False
Does 45 divide 180489788?
False
Is 8 a factor of 952781418?
False
Does 8 divide 188313969?
False
Is 5351784 a multiple of 328?
False
Does 28 divide 241356734?
False
Is 13 a factor of 125337602?
True
Does 62 divide 22714242?
False
Is 5 a factor of 36342267?
False
Is 1865 a factor of 408785620?
True
Is 553 a factor of 25248949?
False
Does 102 divide 6854706?
True
Is 12 a factor of 23577576?
True
Is 896942639 a multiple of 2?
False
Is 2319218 a multiple of 55?
False
Is 63197320 a multiple of 257?
False
Is 4 a factor of 2086818244?
True
Is 998112 a multiple of 222?
True
Does 514 divide 1540488?
False
Does 793 divide 1813591?
True
Does 33 divide 124283511?
True
Is 5 a factor of 845824?
False
Is 245735005 a multiple of 1630?
False
Does 74 divide 789620384?
False
Does 1262 divide 21348052?
False
Is 170 a factor of 27813550?
False
Is 55117484 a multiple of 149?
True
Is 81 a factor of 15158960?
False
Is 2442 a factor of 877359481?
False
Does 449 divide 77969748?
True
Is 77997840 a multiple of 10?
True
Does 3887 divide 1501431490?
True
Is 8613 a factor of 3798513873?
True
Is 11895886 a multiple of 1955?
False
Is 285743655 a multiple of 234?
False
Is 98887573 a multiple of 662?
False
Is 1517865 a multiple of 2?
False
Is 486 a factor of 18022338?
True
Does 4668 divide 341390332?
False
Does 15 divide 377362738?
False
Is 238321115 a multiple of 396?
False
Is 78190658 a multiple of 91?
True
Is 588975354 a multiple of 594?
True
Is 2197 a factor of 3656451721?
True
Is 12719 a factor of 1364254954?
False
Is 10 a factor of 102590180?
True
Is 6730653 a multiple of 2?
False
Is 8541036 a multiple of 6?
True
Is 227324880 a multiple of 9?
True
Is 598 a factor of 101262330?
True
Is 229051699 a multiple of 31?
False
Is 75902433 a multiple of 11?
False
Is 112 a factor of 38475347?
False
Is 2571614 a multiple of 14?
False
Does 62 divide 763766836?
False
Is 26821848 a multiple of 109?
True
Does 14 divide 118155338?
True
Is 1968744512 a multiple of 10052?
True
Is 28 a factor of 54213908?
True
Is 1708 a factor of 742284833?
False
Does 4162 divide 2579012434?
True
Is 147535325 a multiple of 306?
False
Does 28 divide 16139648?
True
Is 33 a factor of 71895486?
False
Does 2477 divide 46158895?
True
Is 647591153 a multiple of 11?
True
Is 24 a factor of 1120307619?
False
Is 146 a factor of 189338?
False
Is 1130369490 a multiple of 11?
False
Is 9523646 a multiple of 123?
False
Is 97533228 a multiple of 13?
True
Is 64256710 a multiple of 749?
True
Is 1847 a factor of 29188141?
True
Is 361436856 a multiple of 3862?
True
Is 473839740 a multiple of 5940?
True
Is 32 a factor of 3518560?
True
Is 15170076 a multiple of 747?
True
Is 85509942 a multiple of 14?
True
Is 16670124 a multiple of 294?
False
Is 1412297 a multiple of 4?
False
Does 2 divide 119612006?
True
Is 387 a factor of 41169897?
False
Is 195 a factor of 1145394315?
True
Does 233 divide 27299678?
True
Is 352092940 even?
True
Does 69 divide 2983974?
True
Is 45654769 a multiple of 163?
False
Is 199437160 a multiple of 65?
True
Does 6274 divide 8211617?
False
Is 12 a factor of 181872224?
False
Is 37 a factor of 317802102?
True
Does 1525 divide 20756775?
True
Is 70 a factor of 57760475?
False
Is 49858912 a multiple of 62?
True
Is 382785398 a multiple of 373?
False
Does 1709 divide 109085022?
False
Does 10 divide 9277297?
False
Is 2 a factor of 13497258?
True
Is 92 a factor of 44712938?
False
Does 28 divide 22522136?
True
Is 307 a factor of 12482620?
True
Does 256 divide 13927936?
True
Does 149 divide 88495123?
True
Is 1184801760 a multiple of 72?
True
Does 6827 divide 1076331166?
True
Does 2 divide 14872031?
False
Does 468 divide 56044872?
True
Is 378 a factor of 192561384?
False
Is 9704468 a multiple of 2974?
False
Is 141 a factor of 786025880?
False
Is 723380775 a multiple of 3?
True
Is 34 a factor of 234674664?
True
Does 21 divide 68727705?
False
Is 184582314 a multiple of 337?
True
Is 2639 a factor of 112025558?
False
Is 36147121 a multiple of 453?
False
Is 460967368 a multiple of 139?
True
Is 3491744307 a multiple of 26?
False
Is 422775682 a multiple of 554?
True
Does 20 divide 500180928?
False
Is 64 a factor of 22037193?
False
Is 219 a factor of 797576214?
False
Does 102 divide 175003542?
True
Is 7108071 a multiple of 3?
True
Is 400955045 a multiple of 4435?
True
Is 9121924 a multiple of 3592?
False
Is 64 a factor of 15281344?
True
Is 1420 a factor of 74943754?
False
Is 25 a factor of 35103875?
True
Is 33 a factor of 1554487110?
True
Does 1519 divide 438228462?
True
Does 315 divide 81504045?
True
Is 21 a factor of 2642495076?
False
Is 20 a factor of 166306240?
True
Is 796723620 a multiple of 462?
True
Is 29 a factor of 39475311?
False
Is 4367221541 a multiple of 8?
False
Does 31 divide 72238587?
True
Does 7 divide 351763949?
False
Is 13237989 a multiple of 72?
False
Does 41 divide 68070561?
False
Is 5491360 a multiple of 5?
True
Does 875 divide 22285466?
False
Is 4297872 a multiple of 10?
False
Is 4 a factor of 46579308?
True
Is 248 a fa